ded by k?
0
Suppose 4*v - 814 = -3*o, -5*o + 51 - 21 = 0. What is the remainder when 532 is divided by v?
134
What is the remainder when (-363*(-12)/(-54))/(52/(-78)) is divided by 13?
4
Let g(n) = 93*n**2 - 166*n + 778. What is the remainder when g(5) is divided by 7?
5
Let l(m) = m**3 - 4*m**2 + m + 5. Suppose 22*r - 27*r - 580 = -3*v, 4*v - 873 = -r. What is the remainder when v is divided by l(4)?
8
Let n = -183 - -206. Calculate the remainder when 464 is divided by n.
4
Let h = -5741 + 5824. Calculate the remainder when h is divided by (-1)/(-1)*2*(-22)/(-4).
6
Let m be (4/(-2))/14*14/(-2). What is the remainder when (42/49)/(2/(m + 601)) is divided by 37?
36
Suppose 79*p - 2372 = 77*p + 6*b, -3*p = b - 3618. What is the remainder when p is divided by 220?
104
Calculate the remainder when 3211 is divided by 31/2*(322 + -320).
18
Suppose 2*p - 51 = -3*m + 8, -5*m = 3*p - 97. Suppose 4*i + b - 117 = m, -76 = -2*i + 4*b. Calculate the remainder when i is divided by 13.
8
Calculate the remainder when 1/(3/(-3)) - 1404/(-2 + -10) is divided by 91.
25
Suppose 28 = 5*m + 4*c, m + 2*m - 4*c - 4 = 0. Suppose -2*d + 5*a = 29, -m*d - 5*a = -0*d + 43. Let s = 18 + d. Calculate the remainder when s is divided by 5.
1
Let h(j) = -10 + 10*j - 4*j**2 - 3*j**3 - 5*j + 10*j. Let z(g) = -2*g - 5. Let c be z(0). Calculate the remainder when h(c) is divided by 16.
14
Suppose -4213 + 4300 = 3*z. What is the remainder when 252 is divided by z?
20
Let p = 9176 + -8952. Calculate the remainder when 275 is divided by p.
51
Suppose -t = -11 - 18. Suppose -10 = -5*u - 5*p, -u - u = -p - 10. Suppose -r - i = i - 132, -u*i = -5*r + 730. Calculate the remainder when r is divided by t.
26
Let h(r) = -55*r + 1957. What is the remainder when 717 is divided by h(35)?
13
Suppose -3*r - r = -2*g + 6, 4*g + 3*r = -10. Calculate the remainder when 103 is divided by (-156)/(-24)*g*-4*1.
25
Let f = 829 + -824. Suppose -12 - 46 = -4*t + 2*c, f*t = -c + 76. Calculate the remainder when 32 + (2/2 - 0) is divided by t.
3
Let b(r) = 96*r**2 + 18*r + 24. Calculate the remainder when 3261 is divided by b(-1).
99
Suppose -617*x + 24 = -615*x. Calculate the remainder when 564 is divided by x.
0
Suppose 2*j = -3*q - 11, 2*q + 5 = -2*j - 5. Suppose -2*x = -x - 3*s, -4*s - 5 = -3*x. What is the remainder when x is divided by (9 - 5) + (q - 0)?
0
Suppose 5*h - 414 = 326. Suppose h - 62 = 2*i. What is the remainder when 82 is divided by i?
39
Let s(a) = 69*a + 500. Calculate the remainder when 796 is divided by s(-7).
14
Let q = 15 + 5. What is the remainder when 4878 is divided by q?
18
Let y be (-9)/5 + 10/(-50). Let h(f) = -10*f - 6. What is the remainder when 3 + -2 + 1 + 64 is divided by h(y)?
10
Suppose 0 = 2*o - 22 - 8. Let q(a) = a**2 + 1. Let j be q(-2). Suppose -4 = -g + j. Calculate the remainder when o is divided by g.
6
Let q = -65 + 69. Suppose 122 = q*r - 3*m - 2, r - 2*m - 36 = 0. What is the remainder when 55 is divided by r?
27
Let v = 269 + -194. Let q(n) = -3*n + 1. Calculate the remainder when ((v/12)/1)/(7/28) is divided by q(-2).
4
Let c(p) = -13*p**2 - 3*p - 2. Let o(x) = x**2 - x - 1. Let l(m) = -c(m) + 3*o(m). Calculate the remainder when 58 is divided by l(-1).
13
Let b(d) = -3*d**3 - 2*d**2 - 121*d - 238. Calculate the remainder when 397 is divided by b(-2).
17
Let j = 155 - 97. What is the remainder when j is divided by 20?
18
Suppose 91 + 67 = 2*v. Suppose -2*f = 2*a - 1606, 0 = 5*f - 2*a - 2034 - 1876. What is the remainder when f is divided by v?
77
Suppose 3*f + 71 = u, 87*u - 85*u = -f + 163. What is the remainder when 1110 is divided by u?
70
Let j = 26910 + -3122. Calculate the remainder when j is divided by 183.
181
Let n(v) = 9*v**2 + 66*v - 37. Suppose 0*f - f + 6 = 0. Calculate the remainder when n(-8) is divided by f.
5
Suppose -92*u + 5702 - 606 = -3736. Calculate the remainder when 191 is divided by u.
95
Let d = 9 + 0. Let o = 627 - 513. Suppose -2*q - r = -4*q + 46, 2*r + o = 5*q. Calculate the remainder when q is divided by d.
4
Suppose -5*h = -2*p - 11, 150*h = 153*h + 4*p - 17. Suppose -4*g + 81 = -g. Let r = g + -15. What is the remainder when r is divided by h?
0
Let k = -192 + 197. Suppose -2*x + 3*a = -112, 8*a - k*a + 174 = 3*x. What is the remainder when x is divided by 32?
30
Suppose 0 = -3*d - 10*t + 11*t + 59, d + 2*t = 8. Calculate the remainder when 55458/243 + (-1 - (-14)/d) is divided by 21.
18
Let u(i) = i**2 + 8*i + 6. Let s(a) = 1. Let r(d) = 4*s(d) + u(d). Let q = 58 + -22. Calculate the remainder when q is divided by r(-8).
6
Let q(n) = n**3 - 13*n**2 + 26*n - 101. Let m be q(15). Suppose 25*c + 264 = m. Let p = -135 + 246. Calculate the remainder when p is divided by c.
16
Suppose 0 = -73*b + 18796 - 4196. What is the remainder when 764 is divided by b?
164
Suppose 0 = 5*x - 5*y - 120, -24 = -x + 12*y - 16*y. Suppose 5*c + x*c - 2813 = 0. Calculate the remainder when c is divided by 11.
9
Let n be -2 + 8 + (-5 - (-2)/1). What is the remainder when 357 is divided by 17 + n*18/(-27)?
12
Calculate the remainder when 3288 is divided by ((-2870)/(-246))/(1/3).
33
Let c(g) = -g - 8. Let i = 57 + -53. Suppose s + i*s = 25. Calculate the remainder when s is divided by c(-10).
1
Let l be 18/6 - (0 + -613). Suppose l = 6*w + w. Suppose -q - 2*q = -2*r + 171, w = r + q. Calculate the remainder when r is divided by 22.
21
Let i(m) = -45*m - 607. What is the remainder when 2110 is divided by i(-25)?
38
Calculate the remainder when (-4 - -1) + (-1430)/(-26) is divided by 19.
14
Suppose 2410*u - 2664 = 2392*u. What is the remainder when 661 is divided by u?
69
Suppose 0 = 5*g + 35, 5*x - 17 = 266*g - 270*g. What is the remainder when 321 is divided by x?
6
Suppose -o + 139 = -5*d, o + 3*d - 167 = -20. Suppose 22*a = 46*a - o. Calculate the remainder when 46 is divided by a.
4
Suppose -m - 48865 = -35*t + 31*t, 3*m = 4*t - 48859. Calculate the remainder when t is divided by 121.
117
Suppose -115*v - 41736 + 134656 = 0. What is the remainder when v is divided by 68?
60
Suppose 5622 - 5755 = -2*g - 3*x, -3*g + 4*x + 259 = 0. Let m(d) = 4*d + 3. What is the remainder when g is divided by m(5)?
8
Let p = -9161 - -12472. Calculate the remainder when p is divided by 12.
11
Let r = 11007 - 10917. Calculate the remainder when r is divided by 43.
4
Let t be (2 - 495)*(-1)/(-5 + 4). Calculate the remainder when 404 is divided by t/(-6) + (-22)/132.
76
Let t(p) = -72*p**3 - p. Let n be t(-1). Let g be (-3)/8 + (-27651)/312. Let v = n - g. Calculate the remainder when v is divided by 33.
30
Suppose 0 = -2*d + l + 3084, -216*d + 3*l + 7709 = -211*d. Calculate the remainder when d is divided by 8.
7
Let d = -141 - -145. Suppose 0 = 5*x - 5*p - 115 - 25, -4 = d*p. Calculate the remainder when x is divided by 18.
9
Calculate the remainder when (600/18)/(15/585) is divided by 14.
12
Suppose -b = -4*i - 195, 0*b + 5*i + 200 = b. Calculate the remainder when b is divided by 36.
31
Let i(d) = -3*d + 9. Let l be i(0). What is the remainder when 3 - 29/l - 2092/(-18) is divided by 17?
14
Let s = -1895 - -1951. Calculate the remainder when 836 is divided by s.
52
Suppose -3*o - s = -1977, 0 = -34*o + 39*o + 3*s - 3299. What is the remainder when o is divided by 44?
42
Let h(y) = -2*y + 46. Let d be h(-7). Suppose 0 = 7*o - d - 38. Let f(n) = 2*n + 6. Calculate the remainder when f(7) is divided by o.
6
Let s be (-30)/(-105) - ((-2316)/(-21) - 2). Let v = s + 131. What is the remainder when 131 is divided by v?
16
Let v = -33 + 53. Calculate the remainder when 250 is divided by 844/v + 1/(-5).
40
Calculate the remainder when 256 is divided by ((-170)/(-4))/(2884/168 + -17).
1
Suppose -q = 10*q - 154. Let u = -12 + q. Calculate the remainder when 68 is divided by u/3 + 134/6.
22
Suppose 8*n - 523 + 43 = 0. Let d = 65 - n. What is the remainder when 37 is divided by d?
2
Calculate the remainder when 29 + -18 + (2 - 1) is divided by 8.
4
Suppose 58 - 344 = -2*y + 4*v, 4*y + 5*v - 637 = 0. Let h be ((-178)/(-3))/(4/6). Let o = y - h. Calculate the remainder when o is divided by 11.
9
Let a(q) = q**2 - q - 6. Let f = 6 - 3. Let w be a(f). Suppose w = -5*y - l + 10, 5*y - 6 = 2*y + 3*l. Calculate the remainder when 5 is divided by y.
1
Suppose c - 2*c - 69 = 0. Suppo